ative of 9*n**5/20 + n**3/6 - n**2/2 - 5*n. Calculate the remainder when 16 is divided by g(i).
7
Let n(u) = u**2 + 114*u + 591. Suppose -81 = -3*p - 2*v + v, -5*v = -2*p + 54. Let h = -15 + p. Calculate the remainder when n(-5) is divided by h.
10
Suppose 5*w - 53 = -3*h, -4 = 4*h - w - 44. Let f(g) = -14*g - 3. Calculate the remainder when f(-2) is divided by h.
3
What is the remainder when (-14265)/(-15) + (-2 - -2) is divided by 106?
103
Let v be 5/((-90)/4) + 120/54. Suppose 5*n + 3*k = 279, -53 = -3*n + v*n - 2*k. Calculate the remainder when n is divided by 20.
17
Let u be (-5)/(-10) - 3/(-2). Suppose 0 = 2*h + u*h - 56. Let o = -494 - -533. What is the remainder when o is divided by h?
11
Let z(w) = -11*w + 9. What is the remainder when z(-7) is divided by 13 - (-30)/(-10)*-3?
20
Let q = 112 + 173. Calculate the remainder when q is divided by 37.
26
Suppose -3*r + 2*u = -2000, -r + 5*u + 645 = -0*u. What is the remainder when r is divided by 48?
46
Let a = -363 - -536. Let k = a + -110. Calculate the remainder when 22 is divided by (-1 - -2)/(7/k).
4
Suppose 142 = 5*p - t, 0*p - 4*p - 5*t + 73 = 0. Let b = -9 + 16. Calculate the remainder when p is divided by b.
6
Let l = -683 + 715. What is the remainder when 412 is divided by l?
28
Suppose -2*y = 4*f - 32, 11*f - 3*y + 12 = 13*f. Let r be -4 + 5 - (0 + 0). What is the remainder when (-17)/(-1)*(r + 1) is divided by f?
7
Suppose 5*v = 3*i + 127, -v + 6*i - 2*i + 22 = 0. What is the remainder when (1 - 0) + 50 - 0 is divided by v?
25
Let h = -215 + 314. What is the remainder when h is divided by 28?
15
Suppose -3*o = -0*o + 195. Let g = 158 + o. Calculate the remainder when g is divided by 24.
21
Suppose -5*s - 19*y = -22*y - 792, -3*s - 2*y = -479. Calculate the remainder when s is divided by 58.
43
Let p be (2/(-6))/((-2)/(-54)). Let s(t) = t + 12. Let d(c) = 3*c**2 - 4*c + 3. Calculate the remainder when d(2) is divided by s(p).
1
Suppose 3*d = x - 133, -2*x - d + 519 = 2*x. What is the remainder when x is divided by 66?
64
Let j(z) = 2*z + 3. What is the remainder when 104 is divided by j(16)?
34
Let n = 4 + 1. Suppose 5*o = k + 59, n*k + 0*k + 31 = o. Let p = 19 - o. Calculate the remainder when 30 is divided by p.
6
Suppose 4*z - 385 = -3*d, d + 4*d - 391 = -4*z. Let l = z + -46. Calculate the remainder when l is divided by 18.
12
Suppose -3*j = -2*l + 44 - 1, -25 = 5*j. What is the remainder when 24 is divided by l?
10
Let s = -213 + 364. Calculate the remainder when s is divided by 52.
47
Let f(o) be the second derivative of 5*o**3/6 - 7*o**2/2 + 21*o. What is the remainder when f(6) is divided by 12?
11
Let y = 379 + -367. What is the remainder when 19 is divided by y?
7
Let x(y) = -y**2 - 31*y + 20. Calculate the remainder when x(-30) is divided by 18.
14
Suppose -12*o - 1519 = -3835. What is the remainder when o is divided by 29?
19
Let s(v) = v**2 + 8*v - 9. What is the remainder when -115*(-2 + (-4)/(-4)) is divided by s(-12)?
37
Suppose -2*s - 2*s = -5*g - 100, 0 = 4*s - g - 84. What is the remainder when s is divided by (-29)/(-4) - 2/8?
6
Suppose -298*k - 2*c - 44 = -301*k, 4*k - c = 67. Let g(u) be the second derivative of u**3/2 - 2*u**2 + u. Calculate the remainder when k is divided by g(3).
3
Let z = 7 - 11. Let q be (-2)/z - 91/(-14). Let s = 59 - q. Calculate the remainder when s is divided by 11.
8
Let u = 13 - 21. Suppose 5*h - 44 - 51 = 0. Calculate the remainder when ((-140)/u)/(4/8) is divided by h.
16
Suppose -19*n + 586 = -136. Calculate the remainder when 112 is divided by n.
36
Suppose 3 = -0*i + 3*i. Let g(d) = 6*d**3 - d**2 + d - 1. Let a = -70 + 77. Calculate the remainder when a is divided by g(i).
2
Let h(u) = 5*u**2 - 28*u - 4. Calculate the remainder when 158 is divided by h(6).
6
Let d(j) = -j**2 + 12*j - 13. Let b be d(10). Suppose -5*t + 4*t + b = 0. Calculate the remainder when 12 is divided by t.
5
Let d(v) = -21*v - 2. Let b = 92 - 8. Suppose 0*p - 2*y - b = -4*p, 5*p + 2*y = 105. What is the remainder when d(-5) is divided by p?
19
Suppose -y + 5*y + 5*w = 24, -34 = -2*y + 3*w. Suppose 0 = 8*b - y*b - 9, -3*m = -3*b - 330. What is the remainder when m is divided by 37?
33
Let m be -4*1*54/72. Calculate the remainder when (-747)/(-6)*(-2)/m is divided by 21.
20
Suppose 0*d - 7*d = 0. Suppose y = 4, -4*c + 3*y = -d*c - 40. Calculate the remainder when 22 is divided by c.
9
Suppose s = 2*s - 13. Let a = 5 - 2. Suppose -2*p = -a*p + 24. Calculate the remainder when p is divided by s.
11
Let k(s) = s**3 + 9*s**2 + 72*s + 540. Calculate the remainder when k(-8) is divided by 4/6*(1 + 23).
12
Let s = 402 - 337. What is the remainder when s is divided by 12?
5
Let c(g) = g**3 + 14*g**2 + 14*g + 15. Let i be c(-13). Suppose 0*d - 132 = -i*d. Calculate the remainder when d is divided by 17.
15
What is the remainder when (-350)/(-8) + 4/16 is divided by (-2)/(-15) - 1115/(-75)?
14
Let c(h) = 19*h**3 - 2*h**2 + h. Let n = 6 - 1. Let o = n + -4. What is the remainder when 52 is divided by c(o)?
16
Suppose 0 = -20*b - 167 + 767. Calculate the remainder when b is divided by 5.
0
Calculate the remainder when ((-33)/(-4))/(-1*(-4)/96) is divided by 42.
30
Suppose 166 = q - 130*l + 135*l, 3*l - 156 = -q. What is the remainder when q is divided by (4/2)/((-1)/(-18))?
33
Let d = 96 + -89. Let l(z) = -2*z**3 + 14*z**2 + 12. Calculate the remainder when 17 is divided by l(d).
5
What is the remainder when 4/(-26) + 10680/130 is divided by 42?
40
Let b = -1375 + 1529. What is the remainder when b is divided by 6?
4
Suppose 19*s = 22*s - 4*p - 222, 0 = -3*s - 2*p + 222. Calculate the remainder when 441 is divided by s.
71
Let q be (-3)/9 - (-80)/6. Suppose -4*d = -14 - 54. Let b = d - q. What is the remainder when 18 is divided by b?
2
Suppose 0 = i - 3*r, 33 = 3*i + 4*r - 2*r. Calculate the remainder when 40 is divided by i.
4
Let p be (-1 + 44)/(1 - 0/(-4)). Suppose -3*s = -p + 1. Calculate the remainder when s is divided by 9.
5
Suppose -3*a + 86 = -1. Let s = -19 + a. Calculate the remainder when (-69)/(-4) + 9/12 is divided by s.
8
Calculate the remainder when ((-17)/34)/(1/(-800)) is divided by 13.
10
Let k = 36 + -25. Suppose k*x = 13*x - 226. Calculate the remainder when x is divided by 23.
21
Let i = 58 + -17. What is the remainder when i is divided by 392/18 - (-2)/9?
19
Suppose 2*h = 4*w + 5*h + 15, 10 = -2*h. Suppose -4*k + w*k + 24 = 0. Calculate the remainder when 9 is divided by k.
3
Let c = 401 + -382. Calculate the remainder when 359 is divided by c.
17
Let j be 0 + 1 + (-2 - 2/(-2)). Calculate the remainder when 59 is divided by j + 8/(6/(-4) - -2).
11
Let s(c) = 2*c - 6. Let y be s(5). Suppose -4*o = 4*w + y - 60, -3*w = -3*o - 66. What is the remainder when (1 + -3)*(49/(-2) + -2) is divided by w?
17
Suppose 5 = x - 0. Suppose x*i + 0*i = 0. Suppose -6*m = -2*m + 4*b - 16, i = b + 1. What is the remainder when 9 is divided by m?
4
Suppose 4 = -o + 2*i + 1, 5*i = -5*o. Let z(q) = -2*q + 391*q**2 - 380*q**2 + 1 + 3*q. What is the remainder when z(o) is divided by 6?
5
Let b be 3/(((-2)/5)/(-2)). Let h = 30 + b. Suppose -4*o - h = -205. What is the remainder when o is divided by 14?
12
Suppose -2*x = -3*f - 496, 2*x - f = -4*f + 508. Let t = 430 - x. What is the remainder when t is divided by 26?
23
Suppose 3*d - 29 = -o, -8*o - 34 = -2*d - 5*o. What is the remainder when 118 is divided by d?
8
Suppose 27*j = 4*j + 943. Calculate the remainder when 156 is divided by j.
33
Suppose -3*c - r + 228 - 48 = 0, -c = 2*r - 65. What is the remainder when c is divided by 12?
11
Let h(k) = -k**3 + 2*k**2 - k + 1. Let b = 108 - 91. Calculate the remainder when h(-3) is divided by b.
15
Suppose -u - 86 = -5*z, -5*z + 4*u + 74 + 0 = 0. Calculate the remainder when 1*53*(-1 + 2) is divided by z.
17
Suppose -3*p + 11 = 5. Suppose q - 632 = -3*a, -a + p*a - 5*q - 232 = 0. Calculate the remainder when a is divided by 43.
40
Let m(n) = -31*n - 10. Let w be m(-4). Suppose 3*c - c - w = 0. Calculate the remainder when c is divided by 29.
28
Let q(j) = -j - 18. Let r be q(-15). What is the remainder when 2 + -1 - 66/r is divided by 14/1 + (-1 - 1)?
11
Suppose -16 = 4*f + 4. Let q(j) = j**3 + 6*j**2 + 5*j + 2. Let y be q(f). Suppose y*n - 1 = 35. What is the remainde